61?
6
What is the units digit of 1015405?
5
What is the hundred thousands digit of 572439?
5
What is the thousands digit of 972073?
2
What is the hundreds digit of 2113376?
3
What is the ten thousands digit of 275760?
7
What is the ten thousands digit of 111925?
1
What is the hundred thousands digit of 177890?
1
What is the tens digit of 435445?
4
What is the ten millions digit of 11102776?
1
What is the ten thousands digit of 211631?
1
What is the thousands digit of 2461135?
1
What is the units digit of 3503086?
6
What is the units digit of 1091139?
9
What is the ten thousands digit of 1615698?
1
What is the units digit of 441007?
7
What is the units digit of 12783?
3
What is the tens digit of 77570?
7
What is the ten millions digit of 11025325?
1
What is the units digit of 2330523?
3
What is the thousands digit of 1712809?
2
What is the hundreds digit of 187895?
8
What is the hundred thousands digit of 38733950?
7
What is the ten thousands digit of 159097?
5
What is the hundreds digit of 1506990?
9
What is the tens digit of 2712374?
7
What is the units digit of 102929?
9
What is the thousands digit of 305244?
5
What is the hundred thousands digit of 417865?
4
What is the hundreds digit of 2018157?
1
What is the thousands digit of 5655476?
5
What is the ten thousands digit of 177185?
7
What is the thousands digit of 238836?
8
What is the units digit of 274446?
6
What is the tens digit of 17603187?
8
What is the units digit of 2090332?
2
What is the hundred thousands digit of 1503744?
5
What is the tens digit of 205682?
8
What is the ten thousands digit of 2025674?
2
What is the units digit of 150925?
5
What is the tens digit of 1469010?
1
What is the thousands digit of 367678?
7
What is the hundred thousands digit of 916465?
9
What is the millions digit of 2075408?
2
What is the units digit of 308332?
2
What is the tens digit of 156689?
8
What is the units digit of 291538?
8
What is the hundreds digit of 92162?
1
What is the tens digit of 207111?
1
What is the ten thousands digit of 260509?
6
What is the millions digit of 2253523?
2
What is the thousands digit of 664585?
4
What is the hundred thousands digit of 29804506?
8
What is the thousands digit of 3646845?
6
What is the units digit of 311571?
1
What is the hundreds digit of 15866698?
6
What is the thousands digit of 5506153?
6
What is the thousands digit of 12162676?
2
What is the ten thousands digit of 653797?
5
What is the units digit of 17929298?
8
What is the thousands digit of 7861703?
1
What is the hundred thousands digit of 9979551?
9
What is the units digit of 72394?
4
What is the hundreds digit of 237502?
5
What is the units digit of 10930102?
2
What is the units digit of 21907826?
6
What is the ten thousands digit of 2038198?
3
What is the hundreds digit of 8925338?
3
What is the ten thousands digit of 242194?
4
What is the units digit of 1174094?
4
What is the hundreds digit of 798600?
6
What is the millions digit of 6883157?
6
What is the hundred thousands digit of 3543514?
5
What is the tens digit of 11571080?
8
What is the tens digit of 28314?
1
What is the millions digit of 7837429?
7
What is the units digit of 8999944?
4
What is the units digit of 381267?
7
What is the tens digit of 28132901?
0
What is the ten thousands digit of 490940?
9
What is the tens digit of 17479663?
6
What is the hundreds digit of 51472?
4
What is the millions digit of 6107941?
6
What is the tens digit of 5735844?
4
What is the ten thousands digit of 11928606?
2
What is the tens digit of 10139886?
8
What is the thousands digit of 346413?
6
What is the tens digit of 6267148?
4
What is the ten millions digit of 14769606?
1
What is the thousands digit of 156537?
6
What is the thousands digit of 377906?
7
What is the millions digit of 2196454?
2
What is the hundreds digit of 1852092?
0
What is the millions digit of 4246284?
4
What is the units digit of 17745?
5
What is the ten thousands digit of 155014?
5
What is the ten thousands digit of 1000644?
0
What is the thousands digit of 3732735?
2
What is the millions digit of 4277179?
4
What is the units digit of 8337543?
3
What is the ten thousands digit of 205317?
0
What is the tens digit of 1031855?
5
What is the units digit of 97003?
3
What is the ten thousands digit of 616435?
1
What is the tens digit of 122637?
3
What is the millions digit of 4861803?
4
What is the millions digit of 3307211?
3
What is the thousands digit of 6552633?
2
What is the hundred thousands digit of 2086908?
0
What is the ten thousands digit of 367399?
6
What is the ten millions digit of 25606781?
2
What is the units digit of 679476?
6
What is the tens digit of 598562?
6
What is the ten thousands digit of 720286?
2
What is the tens digit of 4113198?
9
What is the units digit of 2520651?
1
What is the units digit of 241022?
2
What is the hundreds digit of 2379331?
3
What is the units digit of 60571?
1
What is the hundred thousands digit of 184335?
1
What is the thousands digit of 1017411?
7
What is the tens digit of 34186?
8
What is the ten thousands digit of 57737?
5
What is the tens digit of 29601396?
9
What is the hundreds digit of 60494?
4
What is the units digit of 2516716?
6
What is the tens digit of 25742?
4
What is the hundreds digit of 416197?
1
What is the ten thousands digit of 5308227?
0
What is the hundreds digit of 931040?
0
What is the hundred thousands digit of 12309105?
3
What is the ten thousands digit of 99948?
9
What is the thousands digit of 111158?
1
What is the ten thousands digit of 1025686?
2
What is the hundreds digit of 61609?
6
What is the hundreds digit of 3324715?
7
What is the ten thousands digit of 889554?
8
What is the units digit of 631812?
2
What is the thousands digit of 717295?
7
What is the units digit of 220662?
2
What is the ten thousands digit of 31782?
3
What is the ten thousands digit of 30348445?
4
What is the hundred thousands digit of 815287?
8
What is the hundred thousands digit of 3411884?
4
What is the tens digit of 3588549?
4
What is the ten thousands digit of 54977?
5
What is the tens digit of 5770141?
4
What is the millions digit of 1283226?
1
What is the hundred thousands digit of 1223174?
2
What is the ten thousands digit of 156673?
5
What is the hundred thousands digit of 1859916?
8
What is the tens digit of 3704180?
8
What is the tens digit of 146913?
1
What is the hundreds digit of 814604?
6
What is the tens digit of 26343?
4
What is the ten thousands digit of 437835?
3
What is the tens digit of 9425810?
1
What is the thousands digit of 61369?
1
What is the hundreds digit of 640288?
2
What is the units digit of 24961105?
5
What is the units digit of 19015711?
1
What is the tens digit of 28822216?
1
What is the ten thousands digit of 3374041?
7
What is the hundred thousands digit of 179548?
1
What is the thousands digit of 89889?
9
What is the millions digit of 3793439?
3
What is the tens digit of 1098228?
2
What is the units digit of 235858?
8
What is the hundred thousands digit of 9393327?
3
What is the ten thousands digit of 259994?
5
What is the hundreds digit of 851188?
1
What is the tens digit of 239558?
5
What is the hundred thousands digit of 270375?
2
What is the hundreds digit of 2356402?
4
What is the tens digit of 415694?
9
What is the hundreds digit of 813831?
8
What is the ten thousands digit of 6698777?
9
What is the hundreds digit of 93975?
9
What is the hundreds digit of 465076?
0
What is the hundred thousands digit of 15619955?
6
What is the millions digit of 3796428?
3
What is the ten thousands digit of 755544?
5
What is the ten thousands digit of 7007422?
0
What is the thousands digit of 167087?
7
What is the units digit of 48296?
6
What is the hundreds digit of 1110011?
0
What is the hundreds digit of 47080?
0
What is the tens digit of 214366?
6
What is the hundred thousands digit of 11239521?
2
What is the units digit of 651403?
3
What is the thousands digit of 173611?
3
What is the units digit of 518246?
6
What is the millions digit of 1835063?
1
What is the hundreds digit of 1774026?
0
What is the ten thousands digit of 9313082?
1
What is the hundred thousands digit of 12189190?
1
What is the ten thousands digit of 8050076?
5
What is the ten millions digit of 12364400?
1
What is the units digi